) - k(r). Determine s(5).
-6
Let k(s) = -1288*s**2 + 856*s**2 + s**3 + 9*s - 4 + 421*s**2. What is k(10)?
-14
Let v(u) = u**3 + 35*u**2 - 3*u + 6. Let p(o) = -2*o**3 - 66*o**2 + 6*o - 11. Let r(w) = 8*p(w) + 15*v(w). Determine r(-3).
-7
Let g(x) = x + 1. Let d(u) = 2*u**2 - 3. Let j(r) = d(r) + 2*g(r). Suppose 96 + 32 = 8*a. Let w(l) = -2*l + 28. Let i be w(a). Determine j(i).
23
Suppose -2*v + 3 = -11. Let j(b) = -29*b + v*b + 12*b + 7*b. Determine j(-1).
3
Let q(b) = -44*b**3 + 3117*b**2 - 2591*b + 76. Let n be q(70). Let z be (2 + (-14)/4)*-2. Let m(h) = -z*h - 3*h - h + h**2. Determine m(n).
-6
Suppose 2*y + 250 = -3*m, -y + 4*m - 7*m - 125 = 0. Let q = y - -81. Let x = -39 - q. Let w(l) = l**2 - 4*l + 2. Give w(x).
7
Let t(m) be the third derivative of -7*m**4/12 + m**3/2 - 30*m**2. Let z be t(-1). Let v(o) = 6*o - z*o - 2*o**2 + 9*o. Give v(-2).
-4
Suppose 69*s - 65*s - 16 = -2*j, -j - 16 = -2*s. Let m(n) = -n**2 + 10*n - 21. Give m(s).
3
Let l(j) = -2*j**3 - 32*j**2 + j + 18. Suppose 3*f + 400 - 352 = 0. Give l(f).
2
Let v be (9*(-2)/3)/(2/(-16)). Let g = v - 44. Let u(i) = -2*i**2 + 3*i**2 - g*i + 0*i**2 - 1. Give u(3).
-4
Suppose -3*c - 2*m = -11, 4*c + 2*m - 3*m - 22 = 0. Let t(f) be the first derivative of 2*f**3/3 - 3*f**2 - 4*f + 1862. What is t(c)?
16
Let f be 15/(-15)*(1 - -75). Let h = f - -78. Let p(v) = -4*v - v**3 - 4*v**h - v**2 - 16 - 9 + 23. Give p(-4).
-2
Let c(i) = 141 - 165 + 19*i + 8*i - 33*i. What is c(-4)?
0
Let m(w) = w - 8. Suppose -2*a + 7 - 1 = 0. Suppose -a*r + 3*y = -15, 0 = -3*r + 4*y + 4 + 9. Suppose 3*b = r*b. Calculate m(b).
-8
Let m(c) = c**3 - 21*c**2 + 21*c - 15. Let k be m(20). Suppose -5*v + k = s, 6*v = 2*s + v - 10. Let g(o) = 2*o**2 - 7*o + 5. What is g(s)?
20
Let a(t) = -t**2 + 6*t + 4. Let y = 726 + -564. Suppose 40*f = 13*f + y. Calculate a(f).
4
Let u(d) = d**2 + 4*d - 13. Let l be (40/(-56))/(30/(-36))*-7. What is u(l)?
-1
Suppose 3*q - 1036 = -2*n + n, -3*q - 2*n = -1034. Suppose -4*o + 12 = 4. Let h(c) = q*c - 336*c + o - 2. Calculate h(2).
20
Let r be (99/15 + -7)*(-10)/2. Let p(m) = -9*m + 24 - 11 - 10 + 3*m**2 - r*m**2. What is p(6)?
-15
Suppose 16*z + z = 85. Let c(y) = y**2 + 4*y - 5. Give c(z).
40
Let s = -8 - -16. Suppose -10*d + s*d - 4 = 0. Let j(n) = -3 + 4*n - n + 4*n - 10*n. Calculate j(d).
3
Let g(b) = -2*b + 6. Let f be g(6). Let z = 10 + f. Let a(c) = 129*c + 143*c - 302 - 268*c + 299. What is a(z)?
13
Let m(l) = -l + 21. Let d(y) = y + 8. Let v be d(5). Let i be m(v). Let u(r) = -1 + r - 2*r + 14. Give u(i).
5
Let k(i) = 7*i**3 + 12*i**2 - 5*i + 22. Let g(a) = -15*a**3 - 25*a**2 + 11*a - 45. Let q(j) = 6*g(j) + 13*k(j). What is q(-7)?
-40
Let z = -2 + 6. Let i(m) = -36*m + 3067. Let u(q) = 19*q - 1673. Let s(t) = 6*i(t) + 11*u(t). Determine s(z).
-29
Let k(n) = 9*n**3 - n**2 - 2*n + 19. Let h(b) = 40*b**3 - 5*b**2 - 8*b + 78. Let y(i) = -2*h(i) + 9*k(i). Calculate y(0).
15
Let z = -326 - -334. Let o(a) be the second derivative of -13*a - 7/2*a**2 + 0 - 7/12*a**4 - a**3 + 1/20*a**5. Determine o(z).
9
Let r(h) = -h**2 - 4*h + 1. Let p(k) = 8*k**2 + 39*k + 5. Let s(m) = -p(m) - 7*r(m). Suppose 31 - 1 = -3*b. What is s(b)?
-2
Suppose -3*q = -4*j - 22, 41*j - 18 = 45*j - q. Let z(p) = -25*p - 109. What is z(j)?
-9
Let m(z) be the second derivative of -31*z**3/6 + 133*z**2/2 - 4139*z. What is m(5)?
-22
Let x(i) = -22*i + 2. Let m(d) = 136*d - 2. Let a(k) = m(k) + 6*x(k). Give a(-8).
-22
Let p(g) be the first derivative of -g**5/60 + 7*g**4/24 - 7*g**3/6 + 33*g**2/2 + 2*g + 58. Let b(j) be the second derivative of p(j). What is b(6)?
-1
Let g(z) = 32*z - 13. Let o(a) = 7*a - 4. Let x(s) = -2*g(s) + 9*o(s). What is x(7)?
-17
Suppose 7*g = 158 - 67. Let w(t) = g*t**2 - 7*t + t**2 - t**2 - 5 - 12*t**2. Give w(8).
3
Let k = -84 + -38. Let t = k + 128. Let m(f) = -2*f - 4 + 4 + 7. Calculate m(t).
-5
Let m be ((-16)/20)/((-4)/(-170)). Let o be (-37)/(-5) - m/(-85). Let a(g) = -21 + o + g**3 + 12. Determine a(-2).
-10
Let b = 1267 + -2056. Let y = b - -786. Let d(p) = -p**2 - 6*p - 7. Calculate d(y).
2
Let z(r) = r**2 - 2*r - 2*r**2 + 1 + 1. Let b(u) = 40*u - 7 + 49 + 53*u - 102*u. Let q be b(5). Calculate z(q).
-1
Let u(b) = b**2 - 16*b + 46. Let z be 1*-7*-1 + (-195 - -201). What is u(z)?
7
Let g(j) = -j**3 - 6*j**2 + 9*j - 8. Suppose 21*c - 39*c + 72 = 0. Suppose -c*p = -2*x + 21 - 1, -5*x - 6 = -2*p. Determine g(p).
-22
Let m = 922 + -877. Let d(u) = u**2 - 48*u + 136. Let x be d(m). Let k(t) = -22*t**2 - 1. Determine k(x).
-23
Let o = 266 + -267. Let z(n) = -2*n**3 + n**2 - n + 1. Let r(a) = 5*a**3 - 2*a**2 + 4*a - 3. Let h(l) = o*r(l) - 3*z(l). What is h(3)?
15
Let o(l) = 1081 - 413 + 9*l - 384 - 420 + 7*l. Calculate o(8).
-8
Let r(a) be the third derivative of a**7/2520 + a**6/720 - a**5/40 - 25*a**4/12 - 3*a**2 + 3. Let c(s) be the second derivative of r(s). What is c(5)?
27
Let g be 1 - (-2 + -2)*1. Suppose -2*o = -g*s + 15, 5*s + 2*o + 5 = -0. Let f(z) = 14 - 2 - 13 + 2*z + 2*z. Give f(s).
3
Let r(y) = -y**3 + 11*y**2 + 16*y + 13. Let w be r(12). Let t(x) = w*x + 3 - 29*x - 31*x + x**2. What is t(-3)?
9
Let u(c) = c**3 - 22*c**2 - 23*c + 2. Let q(j) = 36 - j + 0*j**3 + 5*j**3 - 35 - 4*j**3. Let m(f) = 2*q(f) - u(f). Let t be m(-21). Let s(b) = b + 3. Give s(t).
3
Let y(j) be the first derivative of j**4/4 + 7*j**3/3 - j**2 + 10*j - 1. Suppose 1679*o = 1678*o + 5*m + 17, -4*o - 4*m - 52 = 0. Determine y(o).
-38
Let x = 333 + -337. Let t(j) = -3*j**2 + 4*j - 4. What is t(x)?
-68
Let d(g) = g**3 - 3*g**2 + 4*g - 5. Let a be 27*(-4)/(-30) + (-4)/(-10). Let s be d(a). Let r(j) = -9 - 14*j**2 + s*j**2 - 12*j**2 + 6*j. Determine r(-7).
-2
Let m(y) be the third derivative of -y**6/120 + y**5/5 + 13*y**4/24 - 11*y**3/3 + 394*y**2 + 6*y. Calculate m(13).
-22
Suppose -5*o - 26 = 3*v, 117*v = 5*o + 112*v - 30. Let x(t) = 37*t**2 - 2*t - 1. What is x(o)?
38
Let j(i) = i + 75. Let l be j(-71). Let t(h) = 2*h**2 + h + 13. What is t(l)?
49
Let x(j) = 18*j - 5988 + 5987 - 7*j - 4*j. Let u be (0/(-2))/2 - 1. Let z be (-2 + 0)/(-1 + u). Calculate x(z).
6
Let f(d) = -14*d**2 - 8*d + 7. Let m(o) = 7*o**2 + 4*o - 4. Let v be -2 + 45/24 + 47/(-8). Let b(s) = v*f(s) - 11*m(s). Give b(-2).
22
Let h(c) = -c + 1 + 44 - 24. Let q(w) = -w + 16. Let o(k) = 3*h(k) - 4*q(k). Determine o(9).
8
Let v(j) = 5*j**2 + 20*j - 15. Let t(o) = -6*o**2 - 21*o + 16. Let x(n) = 6*t(n) + 7*v(n). Suppose 3*y - 4 = -p, -2*y - 8 = 4*p - 54. What is x(p)?
4
Suppose 4*s = 1536 - 1516. Let i(w) = 2*w**2 - 17*w + 22. What is i(s)?
-13
Let t(s) = -9*s + 36 - 26 + 55 + 35. Give t(12).
-8
Let x(w) = -w + 6. Suppose 23*n - 27*n = -16. Suppose 0 = -2*i + n*q + 62, -q + 2*q + 30 = i. Let a = 39 - i. Determine x(a).
-4
Let p(s) = 21*s**2 + s. Suppose 3*v = 2*a + 2, -v - v - a = 1. Suppose -2*g - 29*b + 32*b = -7, v = -2*b - 6. Determine p(g).
20
Let q(o) = -5*o - 3. Let f(l) = -2*l**3 - 3*l**2 - l - 1. Let g be f(-2). Let j be -6*g*12/20. Let r = j + 15. Determine q(r).
12
Let v(w) = w**3 - 24*w**2 + 79*w + 19. Suppose -449*m + 7763 + 1217 = 0. Determine v(m).
-1
Let f = 20 - 18. Suppose 8 = w - 2*v, -5*w - 3*v + f = 1. Let n(c) = -96*c**3 - 1 + 51*c**3 + 44*c**3 + 4*c**2 + 0. Determine n(w).
7
Let l = -107 - -110. Suppose r - l + 5 = 0. Let f(d) be the third derivative of -d**4/12 + d**3/3 + 13*d**2. What is f(r)?
6
Let x(j) = 1 - 1 - 5 + 2*j. Let d be (10/(-4))/((-15)/36). Let s be (3 - -1)*(-2 + d - 3). Calculate x(s).
3
Let y(t) = -t**2 + 5*t - 3. Let p(c) = -970*c**2 - c. Let v be p(1). Let l = -969 - v. Calculate y(l).
3
Let y(k) = 4*k**3 + 9*k**2 + 18*k - 4. Let t(p) = p**3 + 2*p**2 + 4*p - 1. Let c(w) = 26*t(w) - 6*y(w). Determine c(-1).
-2
Let p = -24190 - -24170. Let a(x) = 2*x**2 + 41*x + 16. Calculate a(p).
-4
Let o(j) = -3*j**2 + 66*j - 49. Let x(w) = 11*w**2 - 249*w + 198. Let c(n) = 15*o(n) + 4*x(n). Give c(-11).
2
Let s(i) = i**2 - 19. Let k(w) = 27*w - 519. Let o be k(19). Let c be 3*(2 - (-2 + 2)). Let d = c + o. Give s(d).
-19
Let h(s) = s**3 + 2*s**2 + s + 3. Let n = 411 - 384. Suppose 13*z = -25 - n. Calculate h(z).
-33
Let b(y) = -3*y**3 + 17*y + 4*y**3 - y - 11 + 18*y**2. Suppose -11152*f + 1904 = -11264*f. Determine b(f).
6
Let z(u) = u**2 - 13*u + 6. Let c = -398 - -401. Suppose 5*b - 5 = -c*q, 114*q = 112*q 